{"id":34,"date":"2016-02-06T16:49:19","date_gmt":"2016-02-06T16:49:19","guid":{"rendered":"http:\/\/vincentbressac.com\/?page_id=34"},"modified":"2021-02-17T11:09:29","modified_gmt":"2021-02-17T11:09:29","slug":"formateur-enseignant","status":"publish","type":"page","link":"https:\/\/vincentbressac.com\/?page_id=34","title":{"rendered":"Formateur-enseignant"},"content":{"rendered":"<p><em>\u00ab La communication pr\u00e9c\u00e8de parfois le management car c\u2019est par la mise en mots, objectifs et indicateurs pertinents, que naissent les strat\u00e9gies. Une comp\u00e9tence \u00e0 mieux ma\u00eetriser par les dirigeants et les cadres surtout pr\u00e9occup\u00e9s d\u2019analyse et de d\u00e9tails importants. \u00bb<\/em><\/p>\n<ul>\n<li>Inter ou intra, il est possible de les coupler sur des programmes et avec un accompagnement personnalis\u00e9 professionnalisant individuel et d&rsquo;\u00e9quipe (voir notre rubrique <a href=\"http:\/\/vincentbressac.com\/?page_id=216\">coaching<\/a>).<\/li>\n<li>Par exemple pour aider des cadres ou dirigeants \u00e0 se b\u00e2tir une bo\u00eete \u00e0 outil pour affronter leur mission de communicant ou de manager.\u00a0 Ou pour accompagner la gestion de projets.<\/li>\n<li>Aide \u00e0 la prise de poste.<\/li>\n<li><em>Certaines interventions peuvent \u00eatre \u00ab transform\u00e9es \u00bb en conf\u00e9rences d\u2019une demi ou journ\u00e9e compl\u00e8te.<\/em><\/li>\n<li>Possibilit\u00e9 de coupler conseil et formation, par exemple en formation-action et accompagnement du changement.<\/li>\n<li><strong>Accompagnement du changement<\/strong> (mise en place de guichet unifi\u00e9 par exemple, d\u00e9veloppement durable, gestion diff\u00e9renci\u00e9e, pr\u00e9vention des risques, repositionnement).<\/li>\n<li><strong>Travail sur les projets professionnels<\/strong> : pr\u00e9paration au changement de cat\u00e9gories pour les fonctionnaires, accompagnement de demandeurs d&#8217;emploi ou de cr\u00e9ateur d&rsquo;entreprises. Analyse strat\u00e9gique, conception d&rsquo;outils de type m\u00e9moire et pr\u00e9sentation de projets, entra\u00eenement \u00e0 l&rsquo;oral et aux prises de paroles, \u00e9l\u00e9ments de langage, personnel, intelligence \u00e9motionnelle&#8230;<\/li>\n<li>Form\u00e9 \u00ab\u00a0<strong>La\u00efcit\u00e9 et valeurs de la R\u00e9publique<\/strong>\u00a0\u00bb par le CNFPT<\/li>\n<li>Animation de stage de <strong>remotivation de demandeurs d&#8217;emploi<\/strong> (4 ann\u00e9es d&rsquo;interventions sur ce th\u00e8me) : projet professionnel, pitch, CV, simulations entretiens d&#8217;embauche.<\/li>\n<li><span style=\"color: #000080;\"><em><strong>R\u00e9f\u00e9rences enseignement<\/strong> : \u00c9cole management L\u00e9onard de Vinci, ISCPA, Sup info, EFAP, ESG, Universit\u00e9 de Tours. <\/em><\/span><\/li>\n<li><span style=\"color: #0000ff;\"><em><span style=\"color: #000080;\"><strong>R\u00e9f\u00e9rences formation continue : <\/strong>CNFPT, Forum pour la gestion des villes, Association des maires de France, Centor Idep, SNCF, diverses collectivit\u00e9s locales, cabinets conseils, TPE<\/span>. <\/em><\/span><\/li>\n<\/ul>\n<p><span style=\"background-color: #ccffff;\"><a style=\"background-color: #ccffff;\" href=\"http:\/\/vincentbressac.com\/wp-content\/uploads\/2021\/02\/CGV-1.pdf\">Conditions g\u00e9n\u00e9rales de vente CGV<\/a><\/span><\/p>\n<p><span style=\"background-color: #ccffff;\"><a style=\"background-color: #ccffff;\" href=\"http:\/\/vincentbressac.com\/wp-content\/uploads\/2021\/02\/2.1-Livret-accueil-stagiaire.pdf\">Livret accueil stagiaire<\/a><\/span><\/p>\n<h4 style=\"text-align: center;\"><span style=\"color: #ff0000;\"><strong>Fiches produits<\/strong><\/span><\/h4>\n<p><strong>1- <a href=\"http:\/\/vincentbressac.com\/wp-content\/uploads\/2021\/02\/Fiche-1-police-moi-et-les-medias.pdf\">police : moi et les m\u00e9dias<\/a><\/strong><\/p>\n<p><strong>2-\u00a0<a href=\"http:\/\/vincentbressac.com\/wp-content\/uploads\/2021\/02\/Fiche-2-police-communication-strategique.pdf\">police communication strat\u00e9gique s\u00e9curitaire<\/a><\/strong><\/p>\n<p><strong>3-\u00a0<a href=\"http:\/\/vincentbressac.com\/wp-content\/uploads\/2021\/02\/Fiche-3-techniciens-et-developpement-durable.pdf\"> techniciens et d\u00e9veloppement durable<\/a><\/strong><\/p>\n<p><strong>4- <a href=\"http:\/\/vincentbressac.com\/wp-content\/uploads\/2021\/02\/Fiche-4-la-communication-manageriale-du-chef-de-projet.pdf\">la communication manag\u00e9riale du chef de projet<\/a><\/strong><\/p>\n<p><strong>5- <a href=\"http:\/\/vincentbressac.com\/wp-content\/uploads\/2021\/02\/Fiche-5-ma-com-360\u00b0-communication-de-crise-interne-externe-et-interpersonnelle.pdf\">ma com 360\u00b0 communication de crise interne externe et interpersonnelle<\/a><\/strong><\/p>\n<p><strong>6- <a href=\"http:\/\/vincentbressac.com\/wp-content\/uploads\/2021\/02\/Fiche-6-ma-Com-360-pour-mon-unite-operationnelle.pdf\">ma Com\u2019 360 pour mon unit\u00e9 op\u00e9rationnelle<\/a><\/strong><\/p>\n<p><strong>7-\u00a0<a href=\"http:\/\/vincentbressac.com\/wp-content\/uploads\/2021\/02\/Fiche-7-etablir-son-tableau-de-bord-strategique-1.pdf\">\u00e9tablir son tableau de bord strat\u00e9gique<\/a><\/strong><\/p>\n<p><strong>8-\u00a0<a href=\"http:\/\/vincentbressac.com\/wp-content\/uploads\/2021\/02\/Fiche-8-le-plan-de-communication-outil-de-strategie-daction-1.pdf\">le plan de communication outil de strat\u00e9gie d\u2019action<\/a><\/strong><\/p>\n<p><strong>9- <a href=\"http:\/\/vincentbressac.com\/wp-content\/uploads\/2021\/02\/Fiche-9-rediger-pour-etre-lu-compris-et-cru-1.pdf\">r\u00e9diger pour \u00eatre lu compris et cru<\/a><\/strong><\/p>\n<p><strong>10-\u00a0<a href=\"http:\/\/vincentbressac.com\/wp-content\/uploads\/2021\/02\/Fiche-10-Parcours-redaction-journalistique-1.pdf\">parcours r\u00e9daction journalistique<\/a><\/strong><\/p>\n<p><strong>11-<a href=\"http:\/\/vincentbressac.com\/wp-content\/uploads\/2021\/02\/Fiche-11-Manager-dans-la-complexite-1.pdf\">manager dans la complexit\u00e9<\/a><\/strong><\/p>\n<p><strong>12- <a href=\"http:\/\/vincentbressac.com\/wp-content\/uploads\/2021\/02\/Fiche-12-communication-orale-et-espaces-verts-1.pdf\">communication orale et espaces verts<\/a><\/strong><\/p>\n<p><strong>13- <a href=\"http:\/\/vincentbressac.com\/wp-content\/uploads\/2021\/02\/Fiche-13-communication-et-gestion-differenciee-1.pdf\">communication et gestion diff\u00e9renci\u00e9e<\/a><\/strong><\/p>\n<h6 style=\"text-align: left;\"><strong><a href=\"http:\/\/vincentbressac.com\/wp-content\/uploads\/2016\/02\/Liste-stages-VB-Communication-de-projets.pdf\">Fiche r\u00e9sumant notre catalogue<\/a><\/strong><\/h6>\n<p><img loading=\"lazy\" decoding=\"async\" class=\"wp-image-133 aligncenter\" src=\"http:\/\/vincentbressac.com\/wp-content\/uploads\/2016\/02\/Robin-Williams-200x300.jpg\" alt=\"Robin Williams\" width=\"224\" height=\"336\" srcset=\"https:\/\/vincentbressac.com\/wp-content\/uploads\/2016\/02\/Robin-Williams-200x300.jpg 200w, https:\/\/vincentbressac.com\/wp-content\/uploads\/2016\/02\/Robin-Williams.jpg 400w\" sizes=\"(max-width: 224px) 100vw, 224px\" \/><\/p>\n<h4 style=\"text-align: center;\"><span style=\"color: #993300;\"><span style=\"color: #ff6600;\">Robin Williams, dans \u00ab\u00a0Le Cercle des po\u00e8tes disparus\u00a0\u00bb :<br \/>\n<em>Du jeu au je, pour la construction d&rsquo;une identit\u00e9 partag\u00e9e.<br \/>\nPrendre de la hauteur, changer d&rsquo;angle.<\/em><\/span><\/span><\/h4>\n","protected":false},"excerpt":{"rendered":"<p>\u00ab La communication pr\u00e9c\u00e8de parfois le management car c\u2019est par la mise en mots, objectifs et indicateurs pertinents, que naissent les strat\u00e9gies. Une comp\u00e9tence \u00e0 mieux ma\u00eetriser par les dirigeants et les cadres surtout pr\u00e9occup\u00e9s d\u2019analyse et de d\u00e9tails importants. \u00bb Inter ou intra, il est possible de les coupler sur des programmes et avec [&hellip;]<\/p>\n","protected":false},"author":1,"featured_media":0,"parent":0,"menu_order":0,"comment_status":"closed","ping_status":"closed","template":"","meta":{"footnotes":""},"_links":{"self":[{"href":"https:\/\/vincentbressac.com\/index.php?rest_route=\/wp\/v2\/pages\/34"}],"collection":[{"href":"https:\/\/vincentbressac.com\/index.php?rest_route=\/wp\/v2\/pages"}],"about":[{"href":"https:\/\/vincentbressac.com\/index.php?rest_route=\/wp\/v2\/types\/page"}],"author":[{"embeddable":true,"href":"https:\/\/vincentbressac.com\/index.php?rest_route=\/wp\/v2\/users\/1"}],"replies":[{"embeddable":true,"href":"https:\/\/vincentbressac.com\/index.php?rest_route=%2Fwp%2Fv2%2Fcomments&post=34"}],"version-history":[{"count":25,"href":"https:\/\/vincentbressac.com\/index.php?rest_route=\/wp\/v2\/pages\/34\/revisions"}],"predecessor-version":[{"id":446,"href":"https:\/\/vincentbressac.com\/index.php?rest_route=\/wp\/v2\/pages\/34\/revisions\/446"}],"wp:attachment":[{"href":"https:\/\/vincentbressac.com\/index.php?rest_route=%2Fwp%2Fv2%2Fmedia&parent=34"}],"curies":[{"name":"wp","href":"https:\/\/api.w.org\/{rel}","templated":true}]}}

<p><em>« La communication précède parfois le management car c’est par la mise en mots, objectifs et indicateurs pertinents, que naissent les stratégies. Une compétence à mieux maîtriser par les dirigeants et les cadres surtout préoccupés d’analyse et de détails importants. »</em></p>
<ul>
<li>Inter ou intra, il est possible de les coupler sur des programmes et avec un accompagnement personnalisé professionnalisant individuel et d&rsquo;équipe (voir notre rubrique <a href="http://vincentbressac.com/?page_id=216">coaching</a>).</li>
<li>Par exemple pour aider des cadres ou dirigeants à se bâtir une boîte à outil pour affronter leur mission de communicant ou de manager.  Ou pour accompagner la gestion de projets.</li>
<li>Aide à la prise de poste.</li>
<li><em>Certaines interventions peuvent être « transformées » en conférences d’une demi ou journée complète.</em></li>
<li>Possibilité de coupler conseil et formation, par exemple en formation-action et accompagnement du changement.</li>
<li><strong>Accompagnement du changement</strong> (mise en place de guichet unifié par exemple, développement durable, gestion différenciée, prévention des risques, repositionnement).</li>
<li><strong>Travail sur les projets professionnels</strong> : préparation au changement de catégories pour les fonctionnaires, accompagnement de demandeurs d&#8217;emploi ou de créateur d&rsquo;entreprises. Analyse stratégique, conception d&rsquo;outils de type mémoire et présentation de projets, entraînement à l&rsquo;oral et aux prises de paroles, éléments de langage, personnel, intelligence émotionnelle&#8230;</li>
<li>Formé « <strong>Laïcité et valeurs de la République</strong> » par le CNFPT</li>
<li>Animation de stage de <strong>remotivation de demandeurs d&#8217;emploi</strong> (4 années d&rsquo;interventions sur ce thème) : projet professionnel, pitch, CV, simulations entretiens d&#8217;embauche.</li>
<li><span style="color: #000080;"><em><strong>Références enseignement</strong> : École management Léonard de Vinci, ISCPA, Sup info, EFAP, ESG, Université de Tours. </em></span></li>
<li><span style="color: #0000ff;"><em><span style="color: #000080;"><strong>Références formation continue : </strong>CNFPT, Forum pour la gestion des villes, Association des maires de France, Centor Idep, SNCF, diverses collectivités locales, cabinets conseils, TPE</span>. </em></span></li>
</ul>
<p><span style="background-color: #ccffff;"><a style="background-color: #ccffff;" href="http://vincentbressac.com/wp-content/uploads/2021/02/CGV-1.pdf">Conditions générales de vente CGV</a></span></p>
<p><span style="background-color: #ccffff;"><a style="background-color: #ccffff;" href="http://vincentbressac.com/wp-content/uploads/2021/02/2.1-Livret-accueil-stagiaire.pdf">Livret accueil stagiaire</a></span></p>
<h4 style="text-align: center;"><span style="color: #ff0000;"><strong>Fiches produits</strong></span></h4>
<p><strong>1- <a href="http://vincentbressac.com/wp-content/uploads/2021/02/Fiche-1-police-moi-et-les-medias.pdf">police : moi et les médias</a></strong></p>
<p><strong>2- <a href="http://vincentbressac.com/wp-content/uploads/2021/02/Fiche-2-police-communication-strategique.pdf">police communication stratégique sécuritaire</a></strong></p>
<p><strong>3- <a href="http://vincentbressac.com/wp-content/uploads/2021/02/Fiche-3-techniciens-et-developpement-durable.pdf"> techniciens et développement durable</a></strong></p>
<p><strong>4- <a href="http://vincentbressac.com/wp-content/uploads/2021/02/Fiche-4-la-communication-manageriale-du-chef-de-projet.pdf">la communication managériale du chef de projet</a></strong></p>
<p><strong>5- <a href="http://vincentbressac.com/wp-content/uploads/2021/02/Fiche-5-ma-com-360°-communication-de-crise-interne-externe-et-interpersonnelle.pdf">ma com 360° communication de crise interne externe et interpersonnelle</a></strong></p>
<p><strong>6- <a href="http://vincentbressac.com/wp-content/uploads/2021/02/Fiche-6-ma-Com-360-pour-mon-unite-operationnelle.pdf">ma Com’ 360 pour mon unité opérationnelle</a></strong></p>
<p><strong>7- <a href="http://vincentbressac.com/wp-content/uploads/2021/02/Fiche-7-etablir-son-tableau-de-bord-strategique-1.pdf">établir son tableau de bord stratégique</a></strong></p>
<p><strong>8- <a href="http://vincentbressac.com/wp-content/uploads/2021/02/Fiche-8-le-plan-de-communication-outil-de-strategie-daction-1.pdf">le plan de communication outil de stratégie d’action</a></strong></p>
<p><strong>9- <a href="http://vincentbressac.com/wp-content/uploads/2021/02/Fiche-9-rediger-pour-etre-lu-compris-et-cru-1.pdf">rédiger pour être lu compris et cru</a></strong></p>
<p><strong>10- <a href="http://vincentbressac.com/wp-content/uploads/2021/02/Fiche-10-Parcours-redaction-journalistique-1.pdf">parcours rédaction journalistique</a></strong></p>
<p><strong>11-<a href="http://vincentbressac.com/wp-content/uploads/2021/02/Fiche-11-Manager-dans-la-complexite-1.pdf">manager dans la complexité</a></strong></p>
<p><strong>12- <a href="http://vincentbressac.com/wp-content/uploads/2021/02/Fiche-12-communication-orale-et-espaces-verts-1.pdf">communication orale et espaces verts</a></strong></p>
<p><strong>13- <a href="http://vincentbressac.com/wp-content/uploads/2021/02/Fiche-13-communication-et-gestion-differenciee-1.pdf">communication et gestion différenciée</a></strong></p>
<h6 style="text-align: left;"><strong><a href="http://vincentbressac.com/wp-content/uploads/2016/02/Liste-stages-VB-Communication-de-projets.pdf">Fiche résumant notre catalogue</a></strong></h6>
<p><img loading="lazy" decoding="async" class="wp-image-133 aligncenter" src="http://vincentbressac.com/wp-content/uploads/2016/02/Robin-Williams-200x300.jpg" alt="Robin Williams" width="224" height="336" srcset="https://vincentbressac.com/wp-content/uploads/2016/02/Robin-Williams-200x300.jpg 200w, https://vincentbressac.com/wp-content/uploads/2016/02/Robin-Williams.jpg 400w" sizes="(max-width: 224px) 100vw, 224px" /></p>
<h4 style="text-align: center;"><span style="color: #993300;"><span style="color: #ff6600;">Robin Williams, dans « Le Cercle des poètes disparus » :<br />
<em>Du jeu au je, pour la construction d&rsquo;une identité partagée.<br />
Prendre de la hauteur, changer d&rsquo;angle.</em></span></span></h4>

<p>« La communication précède parfois le management car c’est par la mise en mots, objectifs et indicateurs pertinents, que naissent les stratégies. Une compétence à mieux maîtriser par les dirigeants et les cadres surtout préoccupés d’analyse et de détails importants. » Inter ou intra, il est possible de les coupler sur des programmes et avec [&hellip;]</p>
